*b**2 - 5*b + 4. Give u(z).
4
Let c(p) = -p**2 - 7*p - 1. Let y be 4/(-6) + 4/(-3). Let k be 1 + -3 - (-1 + 3). Let f = y + k. Determine c(f).
5
Let a(m) = 0*m**3 - 3*m**2 - 3 + 4*m + 0*m**2 + m**3. Let v = -42 - -8. Let p = 37 + v. Calculate a(p).
9
Let h(a) = -a**3 + 11*a**2 - 7*a - 31. Let k be h(10). Let y(n) = 25*n. Give y(k).
-25
Let o(z) = z**2 + 6*z + 8. Suppose 7*m - 4*g - 11 = 6*m, -3*m = -g + 11. Determine o(m).
3
Let v(g) = 25*g - 80. Let q(u) = 8*u - 31. Let w(i) = 8*q(i) - 3*v(i). Calculate w(-6).
58
Let t(l) be the first derivative of -l**2 - 2 - 30*l + 20*l + 15*l. Suppose -5*a + r + 2*r + 26 = 0, -5*a + 18 = r. Give t(a).
-3
Let v(u) = -u**3 - 677*u - u**2 + 676*u + 2 - 5*u**2. Give v(-4).
-26
Let w(s) = -11*s - 12. Let l(x) = -9*x - 11. Let d(z) = -5*l(z) + 4*w(z). Calculate d(-8).
-1
Let u(s) be the third derivative of s**4/24 + 4*s**3/3 + 42*s**2. Determine u(-4).
4
Let t(s) = 14 - 9 + 2*s + 4 - 3 - s**3 + 4*s - 4*s**2. Let p = 15 - 9. Suppose -5*f = 0, 15 = -p*u + 3*u + f. Determine t(u).
1
Let c(r) = -r. Let x(z) = z**3 - z**2 - 2*z - 1. Suppose 0*f + 2*p = 3*f - 11, 0 = -3*f + 4*p + 7. Suppose a - 4 + f = 0. Let q be x(a). Give c(q).
1
Let s(h) = -2*h**3 - 9*h**2 - 3*h + 8. Let f(g) = 4 - g + 2*g**2 - 8*g**2 - g**3 + 2*g**2. Let n(p) = 5*f(p) - 2*s(p). Give n(-3).
10
Let r(f) be the second derivative of 1/180*f**6 + 0*f**4 + 0*f**2 - 1/20*f**5 - f + 0 + f**3. Let p(w) be the second derivative of r(w). Give p(4).
8
Suppose 0 = -16*c + 19*c + 6. Let w(n) = n**3 - n**2 - n. Let s(t) = -t**3 + 2*t**2 - t + 1. Let b(l) = c*w(l) - s(l). Determine b(2).
-3
Let l(w) = 4*w**3 - 5*w**2 + 10*w + 2. Let b(c) = -3*c**3 + 3*c**2 - 9*c - 1. Let o(k) = 5*b(k) + 4*l(k). Determine o(6).
9
Let l(m) = m**2 + 2*m - 4. Let c be ((-63)/3 - -1)/(-4). What is l(c)?
31
Let a(r) = 3 + 1869881*r - 1869886*r + 5 - r**2. Suppose 3*q - p = -0*q + 13, -2*q - 3*p + 5 = 0. Let d be (-1*q)/((-4)/(-6)). Calculate a(d).
2
Let p(r) = -r**3 + 7*r**2 - 7*r + 1. Let j(u) = -5*u - 5. Let t be j(-3). Suppose -x - y - t = -2*x, 6 = 3*x + 3*y. What is p(x)?
-5
Let a(q) = -q**3 - 8*q**2 + 10*q + 8. Let t = 33 - 37. Let i be (-188)/20 - t/10. Calculate a(i).
-1
Let t(v) = -v**3 + 5*v**2 - 4*v + 2. Let o = -373 + 375. Calculate t(o).
6
Suppose c = -0*c + 4*s + 12, 5*c = 2*s + 6. Suppose 3*f - 7 = h - 1, -f + 4*h + 2 = c. Let l(p) = -p**f + 2 - 15*p + 15*p. Give l(3).
-7
Suppose 0 = 2*c - 3*m + 11 - 9, -4*c + 40 = 5*m. Let z = 0 - 0. Let k(b) = c*b + 0*b + 2 + z. What is k(-2)?
-8
Let j(v) = v**3 - 3*v**2 - v - 1. Let l(y) = 3*y**3 - 2*y**2 + 7*y + 5. Let h(d) = -4*j(d) + l(d). Calculate h(11).
9
Suppose 2*u + 14 = 4*j - 0*j, -2*u - 4*j = -10. Let g(c) = 5*c + 25*c**2 - 2*c - 7*c - 1 + 3*c. Calculate g(u).
25
Let g be (2/4)/((-1)/(-2)). Let o(m) be the first derivative of 1/3*m**3 - m + 0*m**2 + 8 - 5/4*m**4. Give o(g).
-5
Let w(d) = -5*d**2 - 3*d. Let v(p) = -2*p**2 + 1. Let f(i) = -v(i) + w(i). Give f(-2).
-7
Let t(q) be the third derivative of q**5/60 - q**4/24 - q**3/6 - 11*q**2. Let v(p) = 3*p + 1. Let n be v(1). Let j = 3 - n. Give t(j).
1
Let v(j) be the first derivative of j**4/4 + 2*j**3/3 - j**2 + 3*j + 404. Determine v(-3).
0
Suppose 0 = -2*g + 16 + 10. Let u be 2/g - 205/65. Let d(w) = -5 + 2 - w**2 - w**3 - 2*w**2. What is d(u)?
-3
Let y(h) = -9*h - 6. Let d(o) = -12*o - 10. Let r(c) = -2*d(c) + 3*y(c). Let l be 4/(1 - 3) + -2. Let f = 7 + l. Calculate r(f).
-7
Let i be (-1)/(-3)*2*9. Let h be 6 - (6 - (-1 - -4)). Let z(n) = 2 + 3 - n + h. Give z(i).
2
Let c(m) be the second derivative of -m**3/3 - 5*m**2/2 - 19*m - 2. What is c(6)?
-17
Let n(d) = -2*d - 22 + 9 + 3*d + 11. Give n(6).
4
Let j = 2 + 1. Let l(q) = 4*q**2 - j*q**2 - 8*q + 5 + 0*q**2. Let v(k) = -21*k - 182. Let x be v(-9). Calculate l(x).
-2
Let s(g) = -2*g**2 + 5*g - 2. Let z(p) = p**2 + 13. Let m be z(-6). Let o = m - 46. Give s(o).
-5
Let n(f) = -10*f**2 + 16*f + 7. Let v be (-4)/1 + 132/12. Let s(w) = 7*w**2 - 11*w - 5. Let r(y) = v*s(y) + 5*n(y). Calculate r(3).
0
Let t(n) = -n**2 - 4*n + 5. Suppose 5*c + 9 = 59. Let s be (-4)/c + (-28)/5. Determine t(s).
-7
Suppose j = -3*p - 14, 2 = 2*p + j + 10. Let m(l) = l**2 + l. Let d(v) = -3*v**2 - 11*v - 4. Let n(y) = -d(y) - 2*m(y). Determine n(p).
-14
Let r(u) = 4*u**3 + 3*u**2 - 19*u - 2. Let c(h) = 5*h**3 + 2*h**2 - 22*h - 2. Let i(n) = -5*c(n) + 6*r(n). Give i(8).
-34
Let s(t) = -2*t**2 + 2*t + 2. Suppose -3*x - 7 = -l - l, 2*x - l + 5 = 0. What is s(x)?
-22
Let g(y) = -y**3 + 9*y**2 + 18*y + 4. Let b be g(11). Let f be b/(-15)*3/2. Let t(o) = 2*o**2 - 6*o + 6. Determine t(f).
14
Let v(g) be the second derivative of -1/20*g**5 + 0*g**4 + 0 - 5*g - 1/6*g**3 + 7/2*g**2. Give v(0).
7
Suppose -3*f - 4 = -5*f. Let v(h) = -5*h - 27*h**2 + 6 + 28*h**f + 13*h. Let z(i) = i - 6. Let x be z(0). Determine v(x).
-6
Let f(g) be the first derivative of -g**3/3 - 2*g**2 + 7*g - 76. What is f(-6)?
-5
Let w(q) = 2*q + 2. Let z(y) = 2*y + 9. Let g(m) = -2*w(m) + z(m). Calculate g(5).
-5
Let y(m) = -m**2 + m**2 - m**2 + 8*m + 7. Let l be (-3)/(-2)*374/51 - 3. Give y(l).
7
Let h(t) be the second derivative of t**5/20 - t**4/12 - t**3/6 - t**2/2 - 6*t. Let l = 51 - 53. Determine h(l).
-11
Let p(t) = -t + 10. Let s(l) be the second derivative of l**5/20 - 7*l**4/6 - 7*l**3/3 - 4*l**2 - 35*l. Let g be s(15). Give p(g).
3
Let i(o) = 15*o - 35*o + o**2 + 19*o. Let c be (-10)/(-14) + (-8)/(-28). Give i(c).
0
Let c(l) = -l. Let h(q) = q**2 - 13*q + 4. Let a(f) = 6*c(f) - h(f). Let d be (-2)/(-9) + (287/45 - (-45)/(-75)). Calculate a(d).
2
Let u(c) = -5*c**3 - c**2 - 2*c - 1. Let h be 0 + 0 + (-21 - -20). Calculate u(h).
5
Let u(x) = x**2 - 2*x + 1. Suppose 104 = -17*h + 4*h. Let i(l) be the third derivative of -l**4/24 - 7*l**3/6 + 2*l**2. Let v be i(h). Determine u(v).
0
Let t(l) = -2*l**2 + 4*l + 34. Let s be t(-3). Let f(r) = r**2 + 3. Give f(s).
19
Let g(o) = o**3 + 4*o**2 + 5. Suppose 9 = -3*i + 18. Suppose 3*w + 9 + i = 0. Determine g(w).
5
Suppose -y - y + 6 = 0. Let v(f) = -y - 2*f**2 - 2 + f + 3*f**2 + 20. Calculate v(0).
15
Let c(x) = -11*x**3 + 8*x**2 + 2*x + 4. Let d(h) = 10*h**3 + h**2 - h + 1. Let i(m) = -c(m) - d(m). Let a = -9 - -18. Calculate i(a).
-14
Suppose -3*i = 3*a, 45 = 4*i - 5*a - 0*a. Let z = -3 + i. Let y(v) = 10*v**2 + 6 - 2*v**2 + v**3 - 3*v**z - 7*v. Determine y(-6).
12
Let h(q) = q**3 + 5*q**2 + 2*q - 5. Let o be h(-4). Let y(c) = 2*c**o - 164*c**2 - 8*c**3 + c + 165*c**2. What is y(-1)?
6
Let t(o) = -o**2 + 6*o - 3. Let l be ((-10)/(-20))/(1/(-2)). Let q(j) = 3*j**2 - 3*j - 1. Let s be q(l). Calculate t(s).
2
Let d be 2/((-4 + -3)/(-7)). Let k(p) = -p**3 + p**2 + 2*p - 2. What is k(d)?
-2
Let g(u) = 2*u + 2. Let y(s) = 15*s + 46. Let i(p) = 6*g(p) - y(p). What is i(-10)?
-4
Let h be 1/(-2) + (-3)/(6/11). Let g(m) = m. Let i(s) = 7*s + 7. Let c(f) = h*g(f) + i(f). Calculate c(0).
7
Let s(o) = -o**3 + 55*o**2 - 107*o + 44. Let r be s(53). Let v(b) = -b**3 - 8*b**2 + 8*b - 7. What is v(r)?
2
Let w(u) = 13*u + 10. Suppose -16*y + 25 = -21*y. Let o(x) = -9*x - 7. Let t(c) = y*w(c) - 7*o(c). What is t(5)?
-11
Suppose 4*r + x = -25, -3*r + 13 = -4*x + 46. Let q(y) = 4*y + y**2 + 4*y + 12 + 0*y. Let a be q(r). Let m(s) = s**2 - 3*s - 4. What is m(a)?
6
Let n = -3 - -7. Let s(u) = u**2 + 7*u - 3. Let x(r) = r**2 + r - 1. Let t be 39/(-52) + (-22)/(-8). Let p(y) = t*x(y) - s(y). What is p(n)?
-3
Let d(v) = -5*v - 15. Let w be d(-4). Let r(t) be the first derivative of 0*t**2 + 1/4*t**4 - 5*t - 2 - 5/3*t**3. Calculate r(w).
-5
Let g = 68 + -62. Let m(s) = -s**3 + 5*s**2 + 7*s. Let v(y) = -y**3 + 5*y**2 + 7*y. Let p(o) = -3*m(o) + 4*v(o). Give p(g).
6
Let g(z) = -123 + 63 + 51 - z. Calculate g(-9).
0
Let p(o) = -13*o + o**2 - 2 + 31*o - 18*o + 0*o**2. Calculate p(0).
-2
Let s(y) = -y**2 - 5*y. Let r(q) = -2*q + 5. Let c(o) = 4*o - 9. Let h(x) = 3*c(x) + 5*r(x). Let k = -3 + 1. Let f be h(k). Calculate s(f).
-6
Let c(d) be the first derivative of -2*d**3/3 + 2*d + 226. Let p = 6 - 4. Let b = p - 0. Calculate c(b).
-6
Let x = -17 - -19. Suppose 0 = x*r - 4*k + 6, -4*r - 15 = -5*r - 4*k. Suppose -2*f = r*f. Let w(o) = -o**3 - o**2 - 2. Determine w(f).
-2
Let l(m) = m. Let c be l(4). Let f(p) be the first derivative of p**4/4 - 4*p**3/3 + 4*p - 57